 Let c(g) = -g**3 + 6*g**2 + 2*g - 3. List the prime factors of c(x).
2
Let f(h) = 8*h**2 + h. Let a = 4 + -5. List the prime factors of f(a).
7
Suppose -5*t + 3*h = -350, t + h + 68 = 2*t. List the prime factors of t.
73
Let j(i) be the second derivative of -5*i**3/6 - 3*i**2/2 - 2*i. Let s be j(-2). Suppose 2*n - 14 = 4*v, -5*n + s = -v - 19. List the prime factors of n.
5
Suppose -3*z + 99 = 3*p, -3*z - 98 = -3*p - 5*z. What are the prime factors of p?
2
Suppose 5*n + 44 = q, 6*q - 266 = q + 2*n. List the prime factors of q.
2, 3
Suppose 2*x - 26 = -3*q, -q - x - 4*x = -26. Suppose -q*n = -7*n + 20. What are the prime factors of n?
2, 5
Let n be (1/(-2))/(2/(-12)). Suppose -7*g + n*g + 68 = 0. What are the prime factors of g?
17
Suppose -15 = -3*a - 3*k, 3*a + 5*k - 18 - 1 = 0. Suppose a*d + d = -24. Let n = d + 16. List the prime factors of n.
2, 5
Suppose -3*m - 3 = 0, -a - m + 8 = 2*a. Suppose a*p - 52 = 8. What are the prime factors of p?
2, 5
Let p(j) = -j - 2. Suppose -6 = z - 0. What are the prime factors of p(z)?
2
Suppose -4*b = -4*i - 32, i - 4 = -2*b - 12. Let n = 6 - i. What are the prime factors of n?
2, 7
Suppose n = -n + 14. Suppose -2*s = -4*t - 2, n*t - 3*t - 7 = -s. Suppose -w - 8 - t = -2*k, -4*w = 5*k - 3. List the prime factors of k.
3
Let m(j) = 3*j**3 + 8*j**2 + 5*j - 2. Let q(s) = -5*s**3 - 15*s**2 - 9*s + 4. Let y(t) = -7*m(t) - 4*q(t). List the prime factors of y(3).
2, 5
Let x = -418 + 595. What are the prime factors of x?
3, 59
List the prime factors of -2 + 4*32 - 1.
5
Suppose -1168 = -8*t + 1208. List the prime factors of t.
3, 11
Let i(l) = l**3 + 6*l**2 - 8*l - 8. Let g be i(-6). Let z = g + -26. List the prime factors of z.
2, 7
Suppose 3*d - 5*k + 16 = 0, 0 = k - 5. Let s = d - 1. List the prime factors of s.
2
Let l(m) = m**3 + m**2 - m. Let c be l(1). Let w = c - -26. What are the prime factors of w?
3
Suppose 0 = 2*h - 0 + 6. Let t = 21 - h. Suppose 3*o = 5*p - 62, 0*o - o = -2*p + t. List the prime factors of p.
2, 5
Let w(k) = k + 21. List the prime factors of w(6).
3
Let c(d) = 2*d**2 - 39*d + 15. List the prime factors of c(22).
5
Let k(g) = 11*g**2 + 5*g - 13. What are the prime factors of k(3)?
101
Let t(y) = 21*y**2 - 2*y - 12. What are the prime factors of t(4)?
2, 79
Let w = 22 + -13. What are the prime factors of w/6*14/3?
7
Let w(d) = d**2 + 5. Let r be w(0). Suppose 2*m - r*m + 5*s - 9 = 0, -m = -5*s + 13. Suppose -m*q + 2*g = -18, 22 = 5*q - 4*g - 20. List the prime factors of q.
2, 3
Let n = 235 - 85. List the prime factors of n.
2, 3, 5
Let i = 30 - 21. List the prime factors of i.
3
Suppose 4*q + 17 = 2*c - 5, 4*c - 32 = 5*q. Suppose -c*i + 43 = 2*g + 14, -5*i = 15. List the prime factors of g.
19
Let x(b) = -2*b + 6. What are the prime factors of x(-11)?
2, 7
Suppose 2*h + 8 = -20. Let s = 1 - h. What are the prime factors of s?
3, 5
Suppose 4*i + 94 = 2*q, -3*q + i - 27 = -158. What are the prime factors of q?
43
Let n be (-45)/(-10)*1*-2. Let r(t) = -t - 4. Let g be r(n). Suppose -g*s + 3*j = -38, -s + 18 = -3*j + 5*j. What are the prime factors of s?
2, 5
Suppose x - 16 = 10. What are the prime factors of x?
2, 13
Suppose 38 = 10*u - 282. What are the prime factors of u?
2
Suppose 5*c - 60 = -0*c. Suppose -6*d - 12 = -2*d. List the prime factors of 2/d - (-92)/c.
7
Let r = 9 + -15. What are the prime factors of (6/(-4))/(r/36)?
3
Let r(c) = -c**3 - 11*c**2 - 5*c + 4. List the prime factors of r(-11).
59
Suppose -3*y + 4*i = 2*y - 5, 5 = 5*y - 2*i. Suppose -4*o = y + 3, 3*z - 11 = 2*o. List the prime factors of z.
3
Let o = -2 + 4. Let z(h) = -15*h**2 - 4*h - h**3 + 17*h**2 + 2*h + 2*h**3. List the prime factors of z(o).
2, 3
Suppose 0 = 3*l - 10 - 5. Let p = 23 - l. What are the prime factors of ((-3)/2)/((-3)/p)?
3
Let a be 4*(-1 - 1/(-2)). Let j be 102/(-15) + 2/(-10). What are the prime factors of j/a + (-2)/(-4)?
2
Suppose 0 = -3*q - 1 - 5. Let g be (-6 - -2) + q/2. Let t = -3 - g. What are the prime factors of t?
2
Let j be (-3 - -4) + 2 + -3. Suppose j*g - 2*g + 24 = 0. List the prime factors of g.
2, 3
Let y be 2/1 + (-2)/1. Suppose 5*r + y = 20. What are the prime factors of r?
2
Suppose q - 6 = -q. Suppose -4*i = 2*d - 24, -3*i - 4*d + 5 = -q. Suppose 5*p - 17 = i. What are the prime factors of p?
5
List the prime factors of 3/6*12 - -3.
3
Suppose 388 = 7*h - 1320. List the prime factors of h.
2, 61
What are the prime factors of 84/(-10)*(-15)/6?
3, 7
Let a(k) = k**2 - 10*k + 11. Let f be a(9). Suppose -5*c = -4*r - f + 14, -4*c = 0. Let m = r + -1. List the prime factors of m.
2
Let y(h) = 5*h**2 - 2*h**2 + 6*h + 5*h**2 - 4 + h**3. List the prime factors of y(-7).
3
Suppose 4*z - 122 = -b, 0 = -2*b + b - 2*z + 120. What are the prime factors of b?
2, 59
Let f = -39 + 70. List the prime factors of f.
31
Let t(y) = -y**2 - 4*y + 7. Let p be t(-5). Suppose p*z = 3 + 3. Suppose -l + 36 = z*l. What are the prime factors of l?
3
Let i be (-3)/((9/6)/(-1)). Let l be (-2 + (3 - i))*-29. Let n = l - 17. List the prime factors of n.
2, 3
Suppose 5*d = -63 + 323. What are the prime factors of d?
2, 13
Let g = -43 + 24. Suppose 4*a = -5 - 39. Let w = a - g. What are the prime factors of w?
2
Suppose 147 = 16*k - 13*k. What are the prime factors of k?
7
Suppose 0 = -c - 0*c + 6. List the prime factors of -2*(-1)/4*c.
3
Let n(z) = 5*z**2 + z + 2. Let t be n(-2). Suppose -20 - t = -4*h. What are the prime factors of h?
2, 5
Let b be (-6)/(-33) + (-608)/(-44). Suppose b = 2*g + 2. List the prime factors of g.
2, 3
List the prime factors of (-24)/56 - (-108)/7.
3, 5
Suppose 0 = -11*h + 13*h - 200. What are the prime factors of h?
2, 5
Suppose -85*s - 420 = -87*s. List the prime factors of s.
2, 3, 5, 7
Let t = 19 + -13. Suppose 8*y = t*y + 38. List the prime factors of y.
19
Suppose 4*p - 3*p = 28. Suppose -x + p = d + 3*x, -x - 58 = -3*d. List the prime factors of d.
2, 5
Suppose 0 = 4*t - t. Let s be 5/(-4)*(1*-2 - 2). Suppose 3*f - 50 + s = t. What are the prime factors of f?
3, 5
Let i = -10 + 58. Let p = 67 - i. List the prime factors of p.
19
Let p = 20 + -17. Let k(o) = 7*o + 1. List the prime factors of k(p).
2, 11
Let q be 1 - ((-3 - 0) + 2). What are the prime factors of (q*4)/(-1 + 2)?
2
Let o(l) be the second derivative of -5*l**3/6 + 2*l**2 + 2*l. Let a be o(-4). Suppose -z + 5*z = a. List the prime factors of z.
2, 3
Suppose 0 = -2*u - 2*u - q + 1095, -5*q - 827 = -3*u. List the prime factors of u.
2, 137
Let k(f) = f**2 + 6. Let x be k(0). Suppose 0 = -x*q + 5*q + 13. List the prime factors of q.
13
Let k = 10 - 6. Suppose -4*l - k*y + 40 = 0, 5*y = 4*l - 30 - 1. List the prime factors of l.
3
Suppose 0 = -2*v + 5*o + 68, -3*v + 70 = 5*o + 18. What are the prime factors of v?
2, 3
Suppose 252 = 2*v - 94. What are the prime factors of v?
173
Let m = -1 - 4. Let b = m + 8. Suppose -10 = b*g - 46. What are the prime factors of g?
2, 3
Let j be 3680/224 - (-8)/14. Let g(a) = a**2 - 4. Let u be g(3). Let m = j - u. What are the prime factors of m?
2, 3
Let v = 40 + -22. Let g = v + -13. Suppose 40 = 5*x - g*k, 6*k = k + 5. List the prime factors of x.
3
Suppose -11*f + 34 = -13*f. Let x = 6 - f. Let t = x - 12. List the prime factors of t.
11
Let p(u) = -u**3 + 8*u**2 - 4*u. List the prime factors of p(3).
3, 11
Suppose 2*i - 20 = 3*i. Let u = 60 - 25. Let n = u + i. List the prime factors of n.
3, 5
Let b(q) = 28*q + 33. List the prime factors of b(6).
3, 67
Let r be (-48)/(-64)*4*1. Suppose 5*m - r*m = 26. List the prime factors of m.
13
Suppose 0 = m + m + 72. What are the prime factors of 1*(-6)/9*m?
2, 3
Suppose -44 = -c + 31. What are the prime factors of c?
3, 5
Let x = 5 - 5. Suppose x = -4*y + 28 + 8. Suppose -4*v + 65 = y. What are the prime factors of v?
2, 7
Suppose -4*x + 2*u = -16, -5*x - 2*u - u + 31 = 0. Let i be (-12)/(-20) + 2/x. What are the prime factors of (-3)/(-3) + 1 + i?
3
Let d be ((-6)/4)/((-2)/4). Let o = 84 - 60. Suppose -r + 1 = -3*u, -5*u = -3*r - d*u + o. What are the prime factors of r?
2, 5
Suppose 2*t - 60 = -5*g, -2*g = -4*t + t - 24. Suppose -5*y = -67 + g. What are the prime factors of y?
11
Suppose 33*k = 12*k + 2940. What are the prime factors of k?
2, 5, 7
Suppose 5*q = -150 + 580. What are the prime factors of q?
2, 43
Let n = 62 + -11